{"id":9,"date":"2018-11-13T15:38:52","date_gmt":"2018-11-13T15:38:52","guid":{"rendered":"https:\/\/www.sylvia-smehyl.de\/?page_id=9"},"modified":"2018-11-20T16:17:58","modified_gmt":"2018-11-20T16:17:58","slug":"anwaeltin","status":"publish","type":"page","link":"https:\/\/www.sylvia-smehyl.de\/?page_id=9","title":{"rendered":"Anw\u00e4ltin"},"content":{"rendered":"<p>[et_pb_section fb_built=\"1\" _builder_version=\"3.17.6\"][et_pb_row custom_padding=\"75px|100px|75px|100px\" custom_padding_tablet=\"50px|50px|25px|50px\" custom_padding_phone=\"25px|25px|25px|25px\" custom_padding_last_edited=\"on|desktop\" _builder_version=\"3.17.6\" background_size=\"initial\" background_position=\"top_left\" background_repeat=\"repeat\" box_shadow_style=\"preset1\"][et_pb_column type=\"1_2\" _builder_version=\"3.0.47\" parallax=\"off\" parallax_method=\"on\"][et_pb_text _builder_version=\"3.17.6\" background_size=\"initial\" background_position=\"top_left\" background_repeat=\"repeat\"]<\/p>\n<h1>Anw\u00e4ltin<\/h1>\n<ul>\n<li>Assessorin jur.<\/li>\n<li>Rechtsanw\u00e4ltin, zugelassen seit 1997<\/li>\n<li>MBA, Master of Business Administration in General Management, City University of Seattle, 2000<\/li>\n<li><strong>Fachanw\u00e4ltin f\u00fcr Familienrecht<\/strong><\/li>\n<li>Fachanwaltspr\u00fcfung Familienrecht zum Nachweis der theoretischen Kenntnisse im Sinne der Fachanwaltsordnung bei der Gesellschaft f\u00fcr Juristen Information in M\u00fcnchen, 2005<\/li>\n<li><strong>Fachanwaltspr\u00fcfung Erbrecht<\/strong> zum Nachweis der theoretischen Kenntnisse im Sinne der Fachanwaltsordnung bei der Gesellschaft f\u00fcr Juristen Information in M\u00fcnchen, 2009<\/li>\n<li>Erfolgreiches Testat zur <strong>zertifizierten Testamentsvollstreckerin<\/strong> (DVEV), 2014<\/li>\n<li>Die Rechtsanw\u00e4ltin ist Inhaberin des Fortbildungszertifikats der Bundesrechtsanwaltskammer \"Qualit\u00e4t durch Fortbildung\"<\/li>\n<li>Ver\u00f6ffentlichungen:\n<ul>\n<li>in Rieck (Hrsg.), Ausl\u00e4ndisches Familienrecht, Verlag C.H. Beck, M\u00fcnchen 2007\/2010, ISBN 9783406531408, Familienrecht Serbien<\/li>\n<li>in Rieck (Hrsg.), Ausl\u00e4ndisches Familienrecht, Verlag C.H. Beck, M\u00fcnchen 2015, ISBN 9783406531408, Familienrecht Malta<\/li>\n<\/ul>\n<\/li>\n<li>Vertretung vor allen Amts-, Land- und Oberlandesgerichten<\/li>\n<li><strong>Ausgebildete Mediatorin<\/strong> SFG (2018)<\/li>\n<li>Arbeitssprachen: Deutsch, Englisch<\/li>\n<\/ul>\n<p>[\/et_pb_text][\/et_pb_column][et_pb_column type=\"1_2\" _builder_version=\"3.0.47\" parallax=\"off\" parallax_method=\"on\"][et_pb_image src=\"https:\/\/www.sylvia-smehyl.de\/wp-content\/uploads\/2018\/11\/sylvia.jpg\" _builder_version=\"3.17.6\"]<br \/>\n[\/et_pb_image][\/et_pb_column][\/et_pb_row][\/et_pb_section]<\/p>\n","protected":false},"excerpt":{"rendered":"<p>[et_pb_section fb_built=\"1\" _builder_version=\"3.17.6\"][et_pb_row custom_padding=\"75px|100px|75px|100px\" custom_padding_tablet=\"50px|50px|25px|50px\" custom_padding_phone=\"25px|25px|25px|25px\" custom_padding_last_edited=\"on|desktop\" _builder_version=\"3.17.6\" background_size=\"initial\" background_position=\"top_left\" background_repeat=\"repeat\" box_shadow_style=\"preset1\"][et_pb_column type=\"1_2\" _builder_version=\"3.0.47\" parallax=\"off\" parallax_method=\"on\"][et_pb_text _builder_version=\"3.17.6\" background_size=\"initial\" background_position=\"top_left\" background_repeat=\"repeat\"] Anw\u00e4ltin Assessorin jur. Rechtsanw\u00e4ltin, zugelassen seit 1997 MBA, Master of Business Administration in General Management, City University of Seattle, 2000 Fachanw\u00e4ltin f\u00fcr Familienrecht Fachanwaltspr\u00fcfung Familienrecht zum Nachweis der theoretischen Kenntnisse im Sinne der Fachanwaltsordnung bei [&hellip;]<\/p>\n","protected":false},"author":1,"featured_media":0,"parent":0,"menu_order":0,"comment_status":"closed","ping_status":"closed","template":"","meta":{"footnotes":""},"class_list":["post-9","page","type-page","status-publish","hentry"],"_links":{"self":[{"href":"https:\/\/www.sylvia-smehyl.de\/index.php?rest_route=\/wp\/v2\/pages\/9","targetHints":{"allow":["GET"]}}],"collection":[{"href":"https:\/\/www.sylvia-smehyl.de\/index.php?rest_route=\/wp\/v2\/pages"}],"about":[{"href":"https:\/\/www.sylvia-smehyl.de\/index.php?rest_route=\/wp\/v2\/types\/page"}],"author":[{"embeddable":true,"href":"https:\/\/www.sylvia-smehyl.de\/index.php?rest_route=\/wp\/v2\/users\/1"}],"replies":[{"embeddable":true,"href":"https:\/\/www.sylvia-smehyl.de\/index.php?rest_route=%2Fwp%2Fv2%2Fcomments&post=9"}],"version-history":[{"count":10,"href":"https:\/\/www.sylvia-smehyl.de\/index.php?rest_route=\/wp\/v2\/pages\/9\/revisions"}],"predecessor-version":[{"id":527,"href":"https:\/\/www.sylvia-smehyl.de\/index.php?rest_route=\/wp\/v2\/pages\/9\/revisions\/527"}],"wp:attachment":[{"href":"https:\/\/www.sylvia-smehyl.de\/index.php?rest_route=%2Fwp%2Fv2%2Fmedia&parent=9"}],"curies":[{"name":"wp","href":"https:\/\/api.w.org\/{rel}","templated":true}]}}